{"id":91,"date":"2015-01-07T14:17:11","date_gmt":"2015-01-07T12:17:11","guid":{"rendered":"http:\/\/www.mixedmanualarts.de\/massagen\/?page_id=91"},"modified":"2025-10-24T20:33:27","modified_gmt":"2025-10-24T18:33:27","slug":"massageteam-hamburg","status":"publish","type":"page","link":"https:\/\/www.mixedmanualarts.de\/?page_id=91","title":{"rendered":"Massageteam Hamburg"},"content":{"rendered":"<p><strong>Das Massageteam Hamburg ist ein freies Kollektiv von Masseuren und K\u00f6rpertherapeuten aus dem Raum Hamburg.<\/strong><\/p>\n<p><strong>Das Massageteam Hamburg bietet Ihnen individuelle und flexible Angebote f\u00fcr Massagen im Rahmen der betrieblichen Gesundheitsvorsorge oder auf ihrer Veranstaltung &#8211; desweiteren Massageservice zu Hause, in ihrem Hotel, Praxisvertretungen, etc.<\/strong><\/p>\n<p><strong>Alle hier vertretenen Behandler sind fundiert ausgebildet und professionell t\u00e4tig.<\/strong><\/p>\n<p><a href=\"https:\/\/www.mixedmanualarts.de\/wp-content\/uploads\/2015\/02\/shutterstock_135369710.jpg\"><img loading=\"lazy\" decoding=\"async\" class=\"alignnone size-full wp-image-260\" src=\"https:\/\/www.mixedmanualarts.de\/wp-content\/uploads\/2015\/02\/shutterstock_135369710.jpg\" alt=\"shutterstock_135369710\" width=\"1000\" height=\"295\" srcset=\"https:\/\/www.mixedmanualarts.de\/wp-content\/uploads\/2015\/02\/shutterstock_135369710.jpg 1000w, https:\/\/www.mixedmanualarts.de\/wp-content\/uploads\/2015\/02\/shutterstock_135369710-300x88.jpg 300w\" sizes=\"auto, (max-width: 1000px) 100vw, 1000px\" \/><\/a><\/p>\n<p style=\"text-align: center;\"><strong>Wir arbeiten auf ihrer Veranstaltung, in ihrem Unternehmen, ihrem Hotel&#8230;wo auch immer!<\/strong><\/p>\n<p>Sie als Auftraggeber haben hier die M\u00f6glichkeit ihre<strong> pers\u00f6nlichen\u00a0 Therapeuten<\/strong> zu entdecken, zusammenzustellen, ausprobieren, auch mal nach Lust und Laune zu wechseln.<\/p>\n<p>Sie suchen Shiatsubehandler, Thai-Yogatherapeuten, klassisch behandelnde Therapeuten?<\/p>\n<p>Ein Bild sagt mehr als tausend Worte &#8211; Schauen Sie sich ihre\/n Behandler\/in an und nehmen Sie Kontakt auf.<\/p>\n<p><a href=\"https:\/\/www.mixedmanualarts.de\/wp-content\/uploads\/2014\/10\/MG_0687be.jpg\"><img loading=\"lazy\" decoding=\"async\" class=\"alignnone wp-image-169\" src=\"https:\/\/www.mixedmanualarts.de\/wp-content\/uploads\/2014\/10\/MG_0687be-214x300.jpg\" alt=\"_MG_0687be\" width=\"286\" height=\"400\" srcset=\"https:\/\/www.mixedmanualarts.de\/wp-content\/uploads\/2014\/10\/MG_0687be-214x300.jpg 214w, https:\/\/www.mixedmanualarts.de\/wp-content\/uploads\/2014\/10\/MG_0687be-731x1024.jpg 731w, https:\/\/www.mixedmanualarts.de\/wp-content\/uploads\/2014\/10\/MG_0687be.jpg 1203w\" sizes=\"auto, (max-width: 286px) 100vw, 286px\" \/><\/a><\/p>\n<h3><strong>Ulf Robrade<\/strong><\/h3>\n<ul>\n<li><strong> Ausgebildet in Klassischer Massage, Shiatsu, LomiLomiNui, Cranio-Sakrale Osteopathie, Fu\u00dfreflexmassage, Bindegewebsmassage<br \/>\n<\/strong><\/li>\n<li><strong>Stuhl &#8211; Boden &#8211; Liege<\/strong><\/li>\n<li><strong>Ferner HotStone, Schr\u00f6pfkopfmassage, Gua Sha, SeiKi, Tiefengewebsmassage<br \/>\n<\/strong><\/li>\n<li><strong> Gelernter Heilpraktiker\/Diplomakupunkteur &#8211; Jahrgang 70<\/strong><\/li>\n<\/ul>\n<p>&#8211;<strong> Motto: &#8222;Heile Dich Selbst!&#8220;<\/strong><\/p>\n<div><\/div>\n<p><a href=\"https:\/\/www.mixedmanualarts.de\/wp-content\/uploads\/2015\/01\/20160222_225203-1.jpg\"><img loading=\"lazy\" decoding=\"async\" class=\"alignnone size-medium wp-image-552\" src=\"https:\/\/www.mixedmanualarts.de\/wp-content\/uploads\/2015\/01\/20160222_225203-1-300x256.jpg\" alt=\"20160222_225203-1\" width=\"300\" height=\"256\" srcset=\"https:\/\/www.mixedmanualarts.de\/wp-content\/uploads\/2015\/01\/20160222_225203-1-300x256.jpg 300w, https:\/\/www.mixedmanualarts.de\/wp-content\/uploads\/2015\/01\/20160222_225203-1-780x667.jpg 780w, https:\/\/www.mixedmanualarts.de\/wp-content\/uploads\/2015\/01\/20160222_225203-1.jpg 1156w\" sizes=\"auto, (max-width: 300px) 100vw, 300px\" \/><\/a><\/p>\n<h3>\u00a0Gina Georgiadis<\/h3>\n<h3><strong>\u00a0Ganzheitliche Bewegungstherapeutin<\/strong><\/h3>\n<p><strong>\u00a0Ausgebildet in:<\/strong><\/p>\n<ul>\n<li><strong>Klassische Massage, <\/strong><strong>Thai Yoga Massage, <\/strong><strong>Fu\u00dfreflexmassage , <\/strong><strong>LomiLomiNui,\u00a0<\/strong><strong> Hot Stone , <\/strong><strong>Shiatsu<\/strong><\/li>\n<li><strong>Bewegungstherapie: Qi Gong, Yoga, kreativ und individuelle Bewegungsangebote<\/strong><\/li>\n<li><strong>\u00dcbungsleiterin f\u00fcr Kinder\/Jugendsport und Erwachsene<\/strong><\/li>\n<\/ul>\n<p><strong>&#8211; Motto: &#8220; Freiheit in der Bewegung&#8220;<\/strong><\/p>\n<p><img loading=\"lazy\" decoding=\"async\" class=\"alignnone size-medium wp-image-668\" src=\"https:\/\/www.mixedmanualarts.de\/wp-content\/uploads\/2021\/07\/Foto-Hiyori-225x300.jpg\" alt=\"\" width=\"225\" height=\"300\" srcset=\"https:\/\/www.mixedmanualarts.de\/wp-content\/uploads\/2021\/07\/Foto-Hiyori-225x300.jpg 225w, https:\/\/www.mixedmanualarts.de\/wp-content\/uploads\/2021\/07\/Foto-Hiyori-500x667.jpg 500w, https:\/\/www.mixedmanualarts.de\/wp-content\/uploads\/2021\/07\/Foto-Hiyori-768x1024.jpg 768w, https:\/\/www.mixedmanualarts.de\/wp-content\/uploads\/2021\/07\/Foto-Hiyori-1152x1536.jpg 1152w, https:\/\/www.mixedmanualarts.de\/wp-content\/uploads\/2021\/07\/Foto-Hiyori-1536x2048.jpg 1536w, https:\/\/www.mixedmanualarts.de\/wp-content\/uploads\/2021\/07\/Foto-Hiyori-scaled.jpg 1920w\" sizes=\"auto, (max-width: 225px) 100vw, 225px\" \/><\/p>\n<h3>Hiyori Minato<\/h3>\n<ul>\n<li><strong>Ausgebildet in Shiatsu, Ayurveda (Abhyanga), LomiLomiNui, Fu\u00dfmassage, Reiki, Gesichtsmassage, Tiefgewebemassage, Klangmassage\/-therapie<\/strong><\/li>\n<li><strong>Authentische Shiatsumassage<\/strong><\/li>\n<\/ul>\n<p><strong>&#8211; Motto: &#8222;Die Balance&#8220;<\/strong><\/p>\n<div><\/div>\n<div style=\"text-align: center;\">\u00a0<strong><span class=\"Apple-style-span\"> <span class=\"Apple-style-span\" style=\"color: #1c410d;\">Cecilia<\/span><\/span><\/strong><\/div>\n<div><span class=\"Apple-style-span\" style=\"color: #1c410d;\">\u00a0<\/span><\/div>\n<div><strong><span class=\"Apple-style-span\" style=\"color: #1c410d;\">MassageArt &#8211; Ber\u00fchrungskunst<\/span><\/strong><\/div>\n<div><strong><span class=\"Apple-style-span\" style=\"color: #1c410d;\"> &#8211; intuitiv &#8211; intensiv &#8211; individuell<\/span><\/strong><\/div>\n<div><strong><span class=\"Apple-style-span\" style=\"color: #1c410d;\">\u00a0<\/span><\/strong><\/div>\n<div><strong><span class=\"Apple-style-span\" style=\"color: #1c410d;\">Langj\u00e4hrige Erfahrungen mit &#8222;K\u00f6rperkommunikation&#8220;\u00a0verschiedener Richtungen:<\/span><\/strong><\/div>\n<div><strong><span class=\"Apple-style-span\" style=\"color: #1c410d;\">\u00a0<\/span><\/strong><\/div>\n<div><strong><span class=\"Apple-style-span\" style=\"color: #1c410d;\">&#8211; Massage mit \u00d6l und Aroma\u00f6len &#8211; Shiatsu &#8211; Reflexzonenmassage an F\u00fc\u00dfen, H\u00e4nden und Ohren<\/span><\/strong><\/div>\n<div><strong><span class=\"Apple-style-span\" style=\"color: #1c410d;\">&#8211; Metamorphische Methode &#8211; Atem &#8211; Atmen lassen, flie\u00dfen und dann &#8211; f\u00fchren<\/span><\/strong><\/div>\n<div><strong><span class=\"Apple-style-span\" style=\"color: #1c410d;\">&#8211; Qi Gong &#8211; Meditation in Bewegung<\/span><\/strong><\/div>\n<div><strong><span class=\"Apple-style-span\" style=\"color: #1c410d;\">\u00a0<\/span><\/strong><\/div>\n<div><strong><span class=\"Apple-style-span\" style=\"color: #1c410d;\">Motto: &#8222;Alles Wahre ist einfach.&#8220;<\/span><\/strong><\/div>\n<div><\/div>\n<div><\/div>\n<div><\/div>\n<div><\/div>\n<div><em><strong>Das MassageteamHamburg dient den einzelnen Behandlern als auch Ihnen als Auftraggeber als Service.\u00a0 &#8211; Unverbindlich und kostenfrei &#8211;<\/strong><\/em><\/div>\n","protected":false},"excerpt":{"rendered":"<p>Das Massageteam Hamburg ist ein freies Kollektiv von Masseuren und K\u00f6rpertherapeuten aus dem Raum Hamburg. Das Massageteam Hamburg bietet Ihnen individuelle und flexible Angebote f\u00fcr Massagen im Rahmen der betrieblichen Gesundheitsvorsorge oder auf ihrer Veranstaltung &#8211; desweiteren Massageservice zu Hause, in ihrem Hotel, Praxisvertretungen, etc. Alle hier vertretenen Behandler sind fundiert ausgebildet und professionell t\u00e4tig. [&hellip;]<\/p>\n","protected":false},"author":2,"featured_media":0,"parent":0,"menu_order":0,"comment_status":"open","ping_status":"open","template":"","meta":{"footnotes":""},"class_list":["post-91","page","type-page","status-publish","hentry"],"_links":{"self":[{"href":"https:\/\/www.mixedmanualarts.de\/index.php?rest_route=\/wp\/v2\/pages\/91","targetHints":{"allow":["GET"]}}],"collection":[{"href":"https:\/\/www.mixedmanualarts.de\/index.php?rest_route=\/wp\/v2\/pages"}],"about":[{"href":"https:\/\/www.mixedmanualarts.de\/index.php?rest_route=\/wp\/v2\/types\/page"}],"author":[{"embeddable":true,"href":"https:\/\/www.mixedmanualarts.de\/index.php?rest_route=\/wp\/v2\/users\/2"}],"replies":[{"embeddable":true,"href":"https:\/\/www.mixedmanualarts.de\/index.php?rest_route=%2Fwp%2Fv2%2Fcomments&post=91"}],"version-history":[{"count":78,"href":"https:\/\/www.mixedmanualarts.de\/index.php?rest_route=\/wp\/v2\/pages\/91\/revisions"}],"predecessor-version":[{"id":941,"href":"https:\/\/www.mixedmanualarts.de\/index.php?rest_route=\/wp\/v2\/pages\/91\/revisions\/941"}],"wp:attachment":[{"href":"https:\/\/www.mixedmanualarts.de\/index.php?rest_route=%2Fwp%2Fv2%2Fmedia&parent=91"}],"curies":[{"name":"wp","href":"https:\/\/api.w.org\/{rel}","templated":true}]}}